-96)?
48
Calculate (-1 - (-1 + -37)) + (3776 - 3790).
23
Calculate (10 - -22) + (-9 - 1) - 25.
-3
What is (-94 + -32 - -56) + 72 + (0 - 0 - 9)?
-7
Calculate -60 - (-99 - (-124 - -4)).
-81
Calculate 68 + -65 + (-36 - (-5 + 11)).
-39
(13 + -2 - 63) + 133 + -107
-26
What is the value of 6 + (-7 + 7 - (-12 + (8 - 5) + -7))?
22
Evaluate -7 + (20 - 3) + 0 + (-15 - -13 - -7).
15
(-20 - -28) + (-35 - -79)
52
What is 12 - 13 - ((0 - ((-35 - 10) + -7)) + 6)?
-59
Calculate -5 + (16 - (-7 - -15)) + (0 - -3).
6
What is -12 - (0 + 9 + (198 + -107 - 88))?
-24
What is the value of -272 - -311 - (-4 - (2 - 4))?
41
4 - (48 - -1 - (26 + 6 + -28))
-41
13 + -11 + (-28 - (-3 + -1 + -2))
-20
What is the value of -73 + 76 + 13 + -2 + 4?
18
-16 + (4 + -4 - -83) + (-142 - -125)
50
What is the value of (43 - 5) + (-456 - -459)?
41
-9039 - -9003 - (3 - -6 - (-2 + 4))
-43
5 + 18 - -10 - -2
35
What is -139 + (122 - -116) + 4?
103
What is -38 - ((-5 - 12) + -9) - (44 - -5)?
-61
(-2 - -1) + 23 - (-51 - (-35 + -14))
24
Evaluate (49 + -30 - -130) + -10.
139
What is (-62 - (-75 - -29)) + -9?
-25
Evaluate -51 + (133 - (-102 + 94)).
90
Evaluate 5 + ((-10 - -1) + -1 + (-279 - -299) - 0).
15
Evaluate 11 - (86 - 110 - (-4 + 21)).
52
What is the value of -383 + 416 + (-1 - -9) - -14?
55
What is the value of (-3 - -31) + -119 - (35 + 4)?
-130
-39 + (24 - (-46 + 43))
-12
What is the value of -25 - (-35 - (6 - -33))?
49
Evaluate (-43 - -96 - 29) + -8 + 54.
70
What is the value of (2 - 1) + -25 + 5?
-19
-70 + 26 - -44 - (8 - -120)
-128
What is the value of -35 + (1 - -23) + 63?
52
Evaluate (-26 - (-18 + -19) - 2) + 26.
35
What is the value of -22 + (-19 - -16) + 8 - (64 - 1)?
-80
51 + ((-11 - -4) + 5 - 10) + -2
37
-32 - -5 - 6 - (-629 + 625)
-29
What is (-20 + -3 - (-14 + 3 - 105)) + -25?
68
Calculate 9 + (54 + -50 - (4 + 75 + -3) - -8).
-55
33 + (-28 - -46) + -81
-30
(0 - -1) + 24 + (0 - -31 - 61)
-5
(-1 - (9 - 1)) + (39 - (117 + -83)) + 11
7
What is -15 + 1 + -7 + -10 + 23 + 0 - -67?
59
Evaluate -29 + 0 + (-10 - -5 - -11 - 2).
-25
What is the value of -7 - -5 - (-75 - (-19 - (4 - 3)))?
53
What is (34 + -1 + -8 - -10 - 6) + -13?
16
What is (-1 - 20) + (166 - 151) + -3 + 29 + 3?
23
Calculate (-74 - -52 - 54) + 16.
-60
9 + (-11 - (74 + -22 - 19))
-35
(1 - 0) + -1 + (14 - (-65 + 115)) + -7
-43
Calculate 1 + (2 - 1 - -7) + (36 - -24) - 10.
59
Calculate 18 + -51 + 86 - 87.
-34
(60 - (-46 - -70)) + -17
19
Calculate -89 + (-20 - (-6 - (4 - -20)) - 7).
-86
Calculate (-19 + 34 - -13) + -5 + 25.
48
4 + 1 - (32 + -23 + 30 + 11)
-45
What is the value of 42 + -95 + (-47 - -33) + -10?
-77
What is the value of 5 + (3 - 9) + (38 - (-36 - -89))?
-16
-1092 + 1027 + 54 + -2
-13
What is 22 - (16 - (23 - (9 - 0)))?
20
What is the value of 163 + -150 - ((-3 - 0) + 4 + (-9 - -7))?
14
What is the value of 12 - ((-16 - (-31 + 28)) + 62 + 2)?
-39
Evaluate -7 + 0 + (-31 - (-11 - (-5 + -1))) + 1.
-32
-144 + 98 + (-88 - -76)
-58
Evaluate (9 - 23) + 4 - -27 - 8 - 62.
-53
-159 + (-3 + 6 - (-16 + 8)) - -24
-124
What is the value of -30 - ((-3 - (14 - 23 - 1)) + -14)?
-23
Calculate (2 - (-5 + 11 + (1 - 28))) + -12.
11
11 - (3 + -3 + 1 - (26 - 38))
-2
What is the value of -38 + 10 + 53 + 6?
31
Calculate 253 + -286 + (80 - -64).
111
11 + (-2 + 6 - (214 - 221)) + (1 - -11)
34
What is (-109 - (-87 - 57)) + -91 + -2?
-58
What is 135 + -18 + 9 - (34 - (-33 + 52))?
111
14 - -7 - 18 - (2 - (-117 - (-6 - -2)))
-112
Evaluate 25 - ((20 - (40 + -26)) + -31).
50
What is the value of (8 - -2) + 2 + -3 + (-78 - (129 + -177))?
-21
Evaluate (-3 - (-5 - 35)) + (5 + -2 - 20 - -10).
30
What is (-217 - -298) + (12 - 32)?
61
-70 + (102 - (-67 - -123)) - (3 + 0 + 0)
-27
What is the value of 1 - (10 - 2 - (38 + -46))?
-15
Calculate (2 - (0 - (2 - 1))) + (17 - -3) + -6.
17
What is 214 - 52 - (97 - -25)?
40
Evaluate -34 - (12 + (39 - 22) - 11).
-52
What is (-44 - -109) + (2 + 15 - (-24 + 32))?
74
Calculate 141 + -127 + 69 + -92.
-9
Evaluate (-2 - -44 - -1) + (32 - (41 + -1)).
35
What is the value of 4 - ((11 - (24 - (-5 - 3))) + -3)?
28
What is the value of 1 + 3 + -2 + (65 - (25 + -15 + 13))?
44
-43 + -37 + 160 + -43 + -101
-64
Calculate -9 + (-27 - -26) - (-29 - 4).
23
Evaluate 15 + (6 - 16) - (143 + -10 + -11 + -1).
-116
What is the value of -4 + 1 - (-42 + 91 - 56)?
4
What is the value of (-13 - (-9 + -15)) + -17 + 9 - 32?
-29
(-23 - (0 + -3 + (-7 + 5 - 0))) + -7
-25
Evaluate (-13 - -50) + 13 - (-1 + 5).
46
What is (6 - (14 + -3) - (0 + 105)) + -31 + 18?
-123
What is (2 - 5 - (-57 - -52 - -18)) + -12?
-28
Evaluate -2 + 35 + -6 + 2 + (6 - 1) + -8.
26
Evaluate -20 + (16 - 142 - -18 - (35 + -50)).
-113
What is 13 - (4 + (-59 - (4 + 2)) - (44 + -49))?
69
What is (34 - -48) + -69 + -99?
-86
What is the value of (-36 + 26 - -19) + (0 - -42) - (-21 + 15)?
57
What is the value of 78 - (-2 - (17 + (-10 - -4)) - -16)?
75
Calculate 32 - (67 - (61 + -35)).
-9
-13 - (-3 + -1 + 16 + (7 - (22 + -7)))
-17
Evaluate (-21 - -37) + 8 + -13.
11
Evaluate 5 + (-44 + -1 - (12 - (16 + 10))).
-26
9 - ((-1 + 3 + 3 - 5) + 31)
-22
What is the value of -17 + (38 - 18) + 34?
37
Evaluate 41 - ((-13 + (16 - 14) - -13) + -7).
46
Calculate 24 - (4 - 28 - -79).
-31
-65 - -65 - (-1 + 5) - 9 - 15
-28
What is the value of 0 + (-23 - (-9 - -20 - 26) - -11)?
3
Calculate (32 - 41) + -80 - (-10 - (-4 + 2 + -3)).
-84
(88 - 34) + -48 - ((1 - 0) + 18)
-13
What is (-29 - (12 - (-10 + 45))) + -11 + -7 + 1?
-23
What is -1 - 4 - (35 + 12 + 9 + -39 + 10)?
-32
Calculate (-65 - (7 - 3)) + 6 + (-6 - -12).
-57
What is the value of 1032 - 1040 - (-46 + 2)?
36
What is 2 + 15 + -7 + (-15 - -1) + -14?
-18
Calculate -1 + -4 + 7 + -2 + 0 - (-1522 - -1495).
27
119 - 131 - (-18 + 1) - ((11 - 0) + 42)
-48
What is (179 - 22) + -18 + (8 - (2 - (-2 - 9)))?
134
What is 33 + -70 - -31 - -20?
14
Evaluate -118 + (170 - 77) + -94.
-119
What is (0 - (-4 - 0)) + (-42 - (-45 + 10))?
-3
What is the value of -7 + (5 - ((58 - -6) + 8)) - -5?
-69
What is (45 - 8) + 5 + -20 + -4 + 6?
24
Calculate 26 - (62 - 38) - (-100 + -1).
103
What is the value of -6 - (72 + -67 - 72 - (1 + -16))?
46
What is the value of 8 + 76 + (-4 - 1 - (-9 - -11) - 8)?
69
46 - (-31 - -147 - 15)
-55
Calculate (482 + -492 - (18 - 1)) + 78.
51
What is the value of -2410 + 2407 - (-44 + -6 + (0 - 0) + 0)?
47
What is -6 - (-210 + 70 + (-1 - 0) + 1 + 13)?
121
18 + 1 - (78 - (19 - -59))
19
What is the value of 6 + -94 + 25 - -55?
-8
-3 + 5 + 4 + (0 - -11 - (-103 + 79))
41
What is -602 + 522 - ((-4 - ((-1 - 1) + 1)) + -9)?
-68
What is -28 - -27 - (-36 - (-9 + (-4 - -12)))?
34
Evaluate ((-20 - -6) + 13 - -15) + -20.
-6
What is the value of -2488 + 2490 + 1 + -126?
-123
0 - (26 - (-3 + 2 + (-14 - (5 - 16))))
-30
Calculate 18 + (-16 - 30) + 57.
29
Evaluate (-3 - -7) + (-96 - 17) + -206 + 193.
-122
10 + 9 + -4 + -9 + (-61 - -21)
-34
2 - (11 + (-9 - (-35 + -7)) + 10)
-52
Evaluate -45 + -110 + 177 - (1 - -5).
16
267 + -269 - (-2 + 12 + (-5 - 0))
-7
What is the value of -22 - (6 + (-2 + 4 - 0) - (18 + -1))?
-13
What is (7 + -6 - 4) + -1 - (170 - 74)?
-100
Calculate 29 - 52 - -3 - -12 - (51 - 2).
-57
Evaluate 0 + -10 + 53 - (-5 - -27).
21
-3318 + 3339 + 9 + -2
28
Evaluate (0 - 0) + 34 + -67 + 29 + 6.
2
Evaluate 35 - 14 - (-24 + 26) - -34.
53
Evaluate -102 - -36 - -22 - -2.
-42
What is the value of -11 - ((3 - -5) + 14) - (-7 - (4 + -5))?
-27
Evaluate -236 - (-259 + 2) - (13 + (1 - 0)).
7
What is (-4 - (-12 + 5 - -13) - 23) + (-19 - -23)?
-29
Evaluate (47 - (104 + -47)) + (1 - (-10 + -1)) - -107.
109
Evaluate 10 + (-44 + 34 - 43).
-43
What is 16 - (-5 - (5 + -11) - (31 + -44))?
2
What is the value of -18 + (-16 - -2 - -48 - 19)?
-3
What is (-7 - ((81 - 85) + -3 + -1)) + (-5 - 1)?
-5
(-40 + -11 - -9) + 45
3
Calculate (-20 - -9) + (0 + -16 - (64 + -185 + -7)).
101
What is (-2 + 1 - 6 - (2218 + -2231)) + -5?
1
(-58 - -57 - 29) + -14
-44
What is the value of (-14 - 22 - -43) + 9 + 0?
16
What is the value of (-59 - (42 + -10 + -23)) + 15?
-53
Calculate (-8 + 7 - 5) + 19.
13
Evaluate (104 - (70 - 2)) + 1.
37
Evaluate -75 + 100 - (6 - (-56 + -10)).
-47
Evaluate 116 + -4 - (-5 + -4 + 7 + (-37 - -38)).
113
Calculate -2 + -44 + (-2737 - -2719).
-64
Calculate -41 + 94 - (-13 + 113).
-47
Evaluate -16 - -1 - ((-90 - -60) + -10).
25
Evaluate (-16 - (87 + -78)) + -15.
-40